= 239 + 65. Let w = -211 + y. What is the units digit of w?
3
Suppose -10 + 34 = 4*o. Let n be o/(-27) - 83/(-9). Suppose 0 = k + 4*x + x - n, -4*k + 53 = 3*x. What is the tens digit of k?
1
Suppose -4*w + 0*x = -2*x - 4, 25 = 3*w + 4*x. Suppose -4*z - 8 = -5*b - 72, 5*z - w*b = 80. Let n = 48 - z. What is the tens digit of n?
3
Let p = -70 - -67. What is the tens digit of 5 + -3 + p + 29?
2
Suppose 18*d = 22*d + 676. Let u = -81 - d. What is the tens digit of u?
8
Suppose -2*l + 3*h = -1689, -4*h + 3 + 9 = 0. What is the hundreds digit of l?
8
Suppose 0 = 3*y - 2*y - 157. Suppose -188 - y = -5*d. Let j = 103 - d. What is the units digit of j?
4
Let x = -86 + 80. What is the hundreds digit of x/27 - 4868/(-36)?
1
Suppose 1843 = 4*r - 10709. What is the hundreds digit of r?
1
Let y be 28/5*5/2. Suppose -b - r = y + 3, 5*b + 61 = 3*r. Let u = 6 - b. What is the units digit of u?
0
Let b = 2340 + 169. What is the thousands digit of b?
2
Let c = -1470 + 4956. What is the tens digit of c?
8
Suppose -3 = r - 1, 4*n + r - 74 = 0. Let i = n - 13. What is the units digit of i?
6
Let h be 10/((-408)/(-201) + -2). Suppose h = 2*p + 3*p. What is the units digit of p?
7
Let f(r) be the third derivative of r**6/360 - 13*r**5/120 + r**4/24 - 4*r**2. Let t(y) be the second derivative of f(y). What is the units digit of t(9)?
5
Suppose -i - 12578 = -3*d, 4*d - i - 24083 + 7311 = 0. What is the hundreds digit of d?
1
Let a be 84/39 + 2/(-13). Suppose 5*g - 2*g - 1 = -a*v, 1 = -5*g - 4*v. Suppose g*w = 2*d - 4, -3*w - 2 = -d - 3. What is the units digit of w?
2
Suppose 2*k - 4*w = -4, 3*w - 11 = k - 2*w. Suppose -14 = -5*t - k. What is the units digit of (-1 - (-8)/t) + 3?
6
Let h = -326 + 464. What is the tens digit of h?
3
Let g = 407 - 184. What is the units digit of g?
3
Suppose 0 = -3*h - s + 5 - 17, h + 5*s - 10 = 0. Let u = 4 - h. What is the tens digit of (u + -7)/(2/20)?
2
Suppose -4*d = -21 - 11. Let o(h) be the third derivative of h**4/8 + 11*h**3/6 + 10*h**2. What is the tens digit of o(d)?
3
Suppose 0 = 2*i + 4*x + 244, -3*i - 5*x + 3*x = 370. What is the tens digit of (i/(-3) - 2)/((-2)/(-6))?
1
Suppose -5*r - 95 = -3*j, -r - 4 = j + 15. Suppose -3*i + 24 = 3*x, 2*i + 0 - 2 = 0. Let w = x - r. What is the tens digit of w?
2
Suppose 0*j - 5*j + 25 = -k, -3*j + 12 = 0. Suppose -88 - 8 = -12*w. What is the units digit of k/(-20) - (-54)/w?
7
Suppose 91 = 6*w + 13. Suppose -w*q = -10*q - 537. What is the hundreds digit of q?
1
What is the tens digit of 39760/48 + 2/3?
2
Let b(v) = 8*v**2 + 4*v - 4. Let j = 16 + -15. Let o(z) = -z**3 - z + 1. Let q(k) = j*b(k) + o(k). What is the tens digit of q(8)?
2
Let i(z) = -108*z - 55. What is the hundreds digit of i(-7)?
7
Let t(p) = -p**3 - 9*p**2 - 16*p + 1. Let b = 22 + -30. What is the units digit of t(b)?
5
Let q(t) = t**2 + 14*t - 41. Let w be q(-17). Suppose 3*d = -2 - w, -4*a + 4*d = -420. What is the units digit of a?
1
Let t(g) = 4*g**3 + g**2 - g - 9. Let a(d) = -d**3. Suppose u = 7 - 8. Let j(c) = u*t(c) - 5*a(c). What is the units digit of j(0)?
9
Suppose -22 = -4*n - 2. Suppose -2*h - 2 = 0, -n*u + 8*u - 178 = -2*h. What is the tens digit of u?
6
Suppose -2*h = -z - 6*h + 228, h = -5*z + 1140. Suppose 0 = p - 0*v - 2*v - z, 0 = -v. What is the tens digit of p?
2
Let a = 902 - -817. What is the thousands digit of a?
1
Let b = 218 + 483. What is the tens digit of b?
0
Let i(c) = -2*c + 78. Suppose -22*g + 31 = -23*g. What is the hundreds digit of i(g)?
1
Suppose 8*l = 6061 + 5547. What is the tens digit of l?
5
Let d(s) = -145*s + 365. What is the hundreds digit of d(-22)?
5
Suppose -6*o = -0*o - o. Let p(m) = -2*m + 2. Let q(n) = n + 1. Let v(t) = 2*p(t) + 2*q(t). What is the units digit of v(o)?
6
Suppose 8*o = -0*o + 96. What is the units digit of (219/5)/(o/60)?
9
Let y = 1308 + 1627. What is the units digit of y?
5
Suppose -4*w = -8, 4*o - 6*w + 3*w = 222. Let t = -51 + o. What is the units digit of t?
6
Suppose -5*x = -3274 - 1961. Suppose 3*y - 4*l + 402 = 5*y, -5*y + x = -4*l. What is the hundreds digit of y?
2
Let z = 12 + -14. Let u be -12 + 4 + (-2)/z. What is the units digit of (-12 + u)*1/(-1)?
9
Let t = 603 + 87. What is the units digit of t?
0
Let h = 13 + -11. Suppose 0 = -c - h + 6. Suppose -16 = -c*k - 2*u, 0 = -4*k + u - 0*u + 10. What is the units digit of k?
3
Let b(a) = -a**3 - 7*a**2 - 8*a - 8. Let l be b(-4). Let f = 56 + l. What is the tens digit of f?
3
Suppose 6*b + 128 = 980. Let d = -100 + b. What is the tens digit of d?
4
Suppose -53*s + 750 = -47*s. What is the units digit of s?
5
Let a(k) = 3*k**3 - 5*k**2 - 8*k - 2. Let m(z) = -9*z**3 + 15*z**2 + 25*z + 7. Let v(x) = -7*a(x) - 2*m(x). What is the hundreds digit of v(-4)?
2
Let n be (-44)/(-3) + 1/3. Let a = n - 12. Suppose 0 = -2*i + 1 + 3, 6 = y - a*i. What is the units digit of y?
2
Suppose 0 = -5*t + 423 - 28. Suppose 5*p = -5 + 20, -4*p + 12 = 3*x. Suppose x = 5*u + 5*w - 55, -4*u + 2*w + t = -w. What is the tens digit of u?
1
Suppose -3*a - 6281 = -14*a. What is the units digit of a?
1
Suppose k - 5*a + 0*a = 438, -3*a - 2124 = -5*k. What is the units digit of k?
3
Suppose -f - 3*g = -599 + 88, 0 = 5*g - 25. What is the tens digit of f?
9
Let h be 24/(-60) + 484/10. Let l = 70 - h. What is the tens digit of l?
2
Let k = -328 - -593. What is the hundreds digit of k?
2
Suppose 3*h + 15 = 0, -264*h + 4245 = 5*v - 269*h. What is the tens digit of v?
4
Let x = 15 - 12. Suppose -c + 13 = 3*o - x*c, -c + 16 = 3*o. Suppose -3*p + 2*k + 25 = -122, 247 = o*p - 4*k. What is the units digit of p?
7
Suppose -3888 = -3*z - i, 0 = z - 3*i - 914 - 382. What is the hundreds digit of z?
2
Let a = 5396 + -3364. What is the hundreds digit of a?
0
Let z be (-3)/(-6) - (-3)/6. Suppose 5*c - 14 = z. Suppose y - 23 = w - 2*w, 5*w + 37 = c*y. What is the tens digit of y?
1
Let w be (-2 - 24*3) + 0 + -2. Let x = w - -150. What is the units digit of x?
4
Let k(g) = 36*g + 127. What is the tens digit of k(19)?
1
Let i(u) = -u**3 + 2*u**2 + u. Let c be i(2). Let a(g) = -3*g**3 + 2*g**2 - 3*g + 2. Let m be a(c). Let z = m + 56. What is the tens digit of z?
3
Suppose -p + 0 = 6. Let r(w) be the third derivative of w**5/60 + w**4/24 - 2*w**3/3 + w**2. What is the tens digit of r(p)?
2
Suppose -4*l + l = 0. Let w be (-3 - -3)/(l + 1). Suppose -2*f - f + 5*y + 32 = w, -58 = -4*f - y. What is the units digit of f?
4
Suppose 6 = 3*s - 6. Let z be (s/2)/(1 - 0). Suppose 2*q + z*q - 84 = 0. What is the tens digit of q?
2
Let f be 2*(-5)/(-6)*3. Suppose -170 = -3*j - 4*y, -7*j + 260 = -2*j - f*y. What is the tens digit of j?
5
Let o = 6 - 4. Suppose -3*b + 82 = 2*p, o*b - 112 = -3*p + 6. Suppose -46 - p = -2*u. What is the tens digit of u?
4
Let a be 473 - 7/(7/2). Suppose 8*w = 5*w + a. What is the units digit of w?
7
Let x(p) = p**3 - 12*p**2 + 11*p - 26. Let d be x(9). Let c = d - -244. What is the units digit of c?
4
Suppose 4*w - 1547 = 5*j, -2*w - 2*j - 1538 = -6*w. What is the hundreds digit of w?
3
Let w(q) = -q + 16. Let v be w(14). Suppose -3*f = v*f - 50. What is the units digit of (3 - 1)*f/4?
5
Let n(u) = -1223*u + 89. What is the tens digit of n(-1)?
1
Let t(w) = 25*w**2 - 16*w + 33. What is the hundreds digit of t(6)?
8
Let v(o) = -12 + o - 6*o + 0*o + 3*o. Suppose 3*u - u = -f - 11, -17 = -u - 5*f. What is the units digit of v(u)?
4
Let r = -10 + 4. Let k(h) = -h - 2. Let m be k(r). Suppose m*z - 5*z + 8 = 0. What is the units digit of z?
8
Let z(b) be the first derivative of 9*b**2/2 - 12*b - 4. Let n be z(6). What is the units digit of 2/2 + -3 + n?
0
Let s(c) = 5*c**2 - 4*c. Let l be (17 - -1) + 24/8. Let f = l + -18. What is the units digit of s(f)?
3
Suppose -4*r = -2*r + 28. Let j = r - -20. What is the tens digit of 21/1*4/j?
1
Let j = 92 + -47. Let u be 81/j*(-5)/(-3). Suppose -3*o = -2*i + 124, -u*i + 0*i = 4*o - 203. What is the units digit of i?
5
Let i = 3381 + -1147. What is the units digit of i?
4
Let k(p) = -p**3 + p**2 + 4*p + 2. Let m be k(-3). Suppose -2*w = -76 + m. What is the tens digit of w?
2
Let p = 99 - 98. What is the tens digit of p*20 + (5 - (2 + 3))?
2
Suppose -5*g + 5751 + 4014 = 0. What is the thousands digit of g?
1
Let d(r) = 19*r**2 + 13*r - 60. What is the tens digit of d(9)?
9
Let q(p) = -p - 3. 